 6?
5
In base 6, what is -521 - -5?
-512
In base 13, what is 20 + -60a?
-5ba
In base 4, what is -2322033 + 3?
-2322030
In base 6, what is 5 + -2412?
-2403
In base 2, what is -1101110001110 + 101?
-1101110001001
In base 16, what is d0 - 3?
cd
In base 2, what is -1001 + 11001001?
11000000
In base 8, what is 1653 + -1?
1652
In base 7, what is -4116 + 3?
-4113
In base 11, what is 1 + -3588?
-3587
In base 8, what is -112 + -1?
-113
In base 14, what is -10c7 + 0?
-10c7
In base 5, what is 41 - 4?
32
In base 8, what is 5 - 165?
-160
In base 16, what is 17 - 16?
1
In base 13, what is -508 + 4?
-504
In base 2, what is 1 + -100?
-11
In base 7, what is 34 + 3?
40
In base 16, what is -70 - -1?
-6f
In base 8, what is -1274 + 6?
-1266
In base 3, what is 10 + -201200?
-201120
In base 13, what is 44 + a4?
118
In base 4, what is -2 + -10333?
-11001
In base 8, what is 0 + -3240?
-3240
In base 7, what is -6524 + 4?
-6520
In base 13, what is 3 + -a3?
-a0
In base 16, what is 4 + -f69?
-f65
In base 4, what is -101 - 12?
-113
In base 12, what is 5 - -1500?
1505
In base 12, what is -54 + 6?
-4a
In base 4, what is 201 + 30?
231
In base 10, what is -3 - -93?
90
In base 2, what is 101001000 + -100?
101000100
In base 2, what is -100 + 110110111?
110110011
In base 8, what is 50 + -105?
-35
In base 2, what is 11 - -1001?
1100
In base 7, what is -5432 + 5?
-5424
In base 7, what is 34 - -30?
64
In base 11, what is 1 + 1198?
1199
In base 15, what is -281 + 1?
-280
In base 9, what is 43 - -30?
73
In base 13, what is -1 - 3c?
-40
In base 9, what is 32 + 3?
35
In base 10, what is 54 - -7?
61
In base 12, what is -728 + -5?
-731
In base 7, what is 3 - 146?
-143
In base 11, what is -2 + 0?
-2
In base 13, what is -12 - -4a?
38
In base 6, what is -2 + 12101?
12055
In base 12, what is -2 - 291?
-293
In base 12, what is 61 - 2?
5b
In base 7, what is -1511 - -4?
-1504
In base 14, what is 2 + 88?
8a
In base 4, what is 0 + 1300?
1300
In base 9, what is 2 + 2320?
2322
In base 14, what is 0 - -80?
80
In base 4, what is -3 + -23?
-32
In base 5, what is 104 + 114?
223
In base 8, what is -34 - 76?
-132
In base 2, what is 111100 - -11011?
1010111
In base 13, what is 0 + -3a7?
-3a7
In base 11, what is 2 + -2557?
-2555
In base 11, what is 4296 - 5?
4291
In base 14, what is 28 + a?
34
In base 14, what is 45 - -341?
386
In base 9, what is -4 - 2402?
-2406
In base 3, what is 122 - 121?
1
In base 14, what is 3 - -2283?
2286
In base 10, what is -7135 + 3?
-7132
In base 10, what is -1 - 5320?
-5321
In base 12, what is 80 - 7?
75
In base 4, what is -2123 - 11?
-2200
In base 10, what is 3 - 53?
-50
In base 12, what is -4 + a3?
9b
In base 5, what is -300 - -3?
-242
In base 2, what is -1 + 10110110?
10110101
In base 11, what is 22a9 - -1?
22aa
In base 16, what is -6 - -bb?
b5
In base 9, what is -54 + 3?
-51
In base 14, what is 4 + -925?
-921
In base 10, what is -3 + -241?
-244
In base 2, what is -10100100100100 + 10?
-10100100100010
In base 12, what is 10 - 14a?
-13a
In base 6, what is 15 - 4101?
-4042
In base 6, what is -11 - 22?
-33
In base 3, what is -10000021 + -12?
-10000110
In base 3, what is 12 + -202212?
-202200
In base 7, what is 6 - 455?
-446
In base 11, what is 3 - -809?
811
In base 14, what is -12 - 18?
-2a
In base 12, what is 44 - -b?
53
In base 9, what is 2 - 141?
-138
In base 12, what is 7 - 134?
-129
In base 11, what is -8 + -523?
-530
In base 12, what is -3166 + -1?
-3167
In base 6, what is 5 - -3242?
3251
In base 16, what is 310 - -1?
311
In base 16, what is 5 - 2a?
-25
In base 10, what is 63054 - -4?
63058
In base 7, what is 5264 + -4?
5260
In base 15, what is -2e + c?
-22
In base 16, what is -e - 25?
-33
In base 3, what is -112220 - 1?
-112221
In base 12, what is -176 - -4?
-172
In base 8, what is 4256 - 2?
4254
In base 10, what is -1083 - 0?
-1083
In base 15, what is -16e + -1?
-170
In base 12, what is -2 - 81?
-83
In base 11, what is -2 + -20?
-22
In base 4, what is -2003 + 11?
-1332
In base 15, what is -3 + -23?
-26
In base 10, what is -43 - -11?
-32
In base 10, what is 2552 - -4?
2556
In base 4, what is -11312 - -2?
-11310
In base 16, what is -83 - 4?
-87
In base 10, what is -78 - 2?
-80
In base 11, what is 9 - 340?
-332
In base 11, what is -6 + -174?
-17a
In base 16, what is 6 - 1df?
-1d9
In base 15, what is -25 + 1e?
-6
In base 8, what is -170 + -14?
-204
In base 4, what is 10 - 3101?
-3031
In base 12, what is -3 + -38?
-3b
In base 15, what is 3 + 1c?
20
In base 13, what is -2 + -110?
-112
In base 2, what is 1101 + 11001?
100110
In base 8, what is 4 + 3566?
3572
In base 3, what is -11 + -120?
-201
In base 5, what is 31303 + 10?
31313
In base 13, what is -1 - -50?
4c
In base 11, what is -1 + 41?
40
In base 10, what is 443 + -26?
417
In base 8, what is -2 - 13?
-15
In base 2, what is 100 + -1111010000100?
-1111010000000
In base 10, what is 18 - 448?
-430
In base 6, what is 254 + 5?
303
In base 14, what is 25 - 2ac?
-287
In base 10, what is 12 + -169?
-157
In base 13, what is 3 + -66?
-63
In base 15, what is 2e6 + 2?
2e8
In base 8, what is 71 - -5?
76
In base 15, what is 3 + -92?
-8e
In base 8, what is -1 + 6176?
6175
In base 2, what is -11 + -10100000110?
-10100001001
In base 13, what is 0 - 6?
-6
In base 8, what is 67 - 2?
65
In base 6, what is -1523 - -2?
-1521
In base 6, what is -11050 + -2?
-11052
In base 8, what is 241 - 3?
236
In base 10, what is -130 - -3?
-127
In base 7, what is -4 - 444?
-451
In base 6, what is 45123 + 3?
45130
In base 9, what is 254 - -5?
260
In base 5, what is 10020 - -1?
10021
In base 2, what is -1000011 - -10100?
-101111
In base 11, what is -228 - 5?
-232
In base 6, what is -11 + -13?
-24
In base 5, what is -111201 - -10?
-111141
In base 14, what is 5 - -26?
2b
In base 11, what is -42 + -3?
-45
In base 5, what is -34 - -3240?
3201
In base 5, what is 302 - -14?
321
In base 13, what is 4 - 415?
-411
In base 12, what is 1 - -360?
361
In base 14, what is -3a - -3b?
1
In base 7, what is 2210 + -1?
2206
In base 3, what is 11 - 210022?
-210011
In base 7, what is -330 + -25?
-355
In base 13, what is -1c - 6?
-25
In base 6, what is 4 + -2105?
-2101
In base 15, what is 2 - 1c?
-1a
In base 15, what is -372 + 4?
-36d
In base 3, what is 12121111 - -12?
12121200
In base 6, what is -3 - 2212?
-2215
In base 14, what is 2 - -16?
18
In base 7, what is -213 - 4?
-220
In base 8, what is 234 + 5?
241
In base 3, what is 121000 + 0?
121000
In base 12, what is -628 + 6?
-622
In base 3, what is -12021 - 121?
-12212
In base 5, what is -3102 - -24?
-3023
In base 14, what is -3 + -2d?
-32
In base 14, what is -4 - -45?
41
In base 11, what is 8 - a20?
-a13
In base 14, what is 74 - 6?
6c
In base 15, what is -6 + 1484?
147d
In base 7, what is -23 - 123?
-146
In base 14, what is 2 + 17?
19
In base 13, what is -2 + -30?
-32
In base 11, what is -2 - -2415?
2413
In base 10, what is 170 - 5?
165
In base 14, what is -1a + -68?
-84
In base 10, what is 13111 + -5?
13106
In base 8, what is 5 + -54?
-47
In base 14, what is -5 + -382?
-387
In base 12, what is -2 - -10a2?
10a0
In base 14, what is a + 6c?
78
In base 13, what is 1c5 + 6?
1cb
In base 12, what is 374 + 5?
379
In base 9, what is -2 - 136?
-138
In base 6, what is 141 - 122?
15
In base 6, what is -1350 - 4?
-1354
In base 11, what is 19 + -7?
12
In base 9, what is -120 - 1?
-121
In base 10, what is -264 - 7?
-271
In base 9, what is -8348 + -2?
-8351
In base 12, what is -3 + -4b8?
-4bb
In base 12, what is 3a94 + -5?
3a8b
In base 3, what is 12 + 10100?
10112
In base 8, what is 440 - -4?
444
In base 15, what is acc + -1?
acb
In base 11, what is 26 - 17?
a
In base 14, what is -d - -12?
3
In base 9, what is 0 - -34?
34
In base 6, what is -450 - -1?
-445
In base 14, what is 5 - -4?
9
In base 5, what is -2 + -2132?
-2134
In base 7, what is -3 + 434?
431
In base 13, what is -c80 - 4?
-c84
In base 11, what is 2 - 1?
1
In base 16, what is 0 + -50?
-50
In base 2, what is 100111 - 110101?
-1110
In base 3, what is -110 + 1222?
1112
In base 14, what is 7 - 372?
-369
In base 12, what is 14a + 6?
154
In base 13, what is -2 + -82?
-84
In base 5, what is -4 - 1104?
-1113
In base 7, what is -2 + -442?
-444
In base 13, what is -4 + -32?
-36
In base 12, what is 48 + 4?
50
In base 11, what is 2 - -7?
9
In base 7, what is -34 + -6?
-43
In base 11, what is 